at is 175304 + 4?
175308
In base 8, what is 1117 + 11?
1130
In base 13, what is -5 - 1480a?
-14812
In base 12, what is -15 + 4b61?
4b48
In base 4, what is -12231 - 2033011?
-2111302
In base 8, what is -5377 + -53?
-5452
In base 16, what is 2433 - -2?
2435
In base 15, what is b2 - 4d3e?
-4c7c
In base 2, what is 111100101011 + 11110?
111101001001
In base 12, what is 27a - -598?
856
In base 13, what is 169 + -41?
128
In base 14, what is -a907d - 5?
-a9084
In base 7, what is -460010 - 103?
-460113
In base 11, what is -113082 - -3?
-11307a
In base 2, what is -110000 - 1100110000?
-1101100000
In base 2, what is 11 - 101110101000010?
-101110100111111
In base 6, what is -3 - -212255?
212252
In base 8, what is -3365364 + 3?
-3365361
In base 3, what is -11 + 112221012222?
112221012211
In base 4, what is -12021 - 31331?
-110012
In base 2, what is 1101101101 + -10111000011?
-1001010110
In base 13, what is 14 + -268?
-254
In base 3, what is 10 + 21020101?
21020111
In base 9, what is 1457626 - 2?
1457624
In base 15, what is -42 + 6ecd?
6e8b
In base 16, what is -7ab - -f?
-79c
In base 9, what is 1626126 + -3?
1626123
In base 14, what is -1d40 - -a5?
-1c79
In base 3, what is 2 - -12121000?
12121002
In base 13, what is -4 + 6512?
650b
In base 16, what is 1d7 + 2c?
203
In base 15, what is 6 + -a6de?
-a6d8
In base 2, what is 1101000110110110 + -100?
1101000110110010
In base 7, what is -3514 - -112?
-3402
In base 14, what is -d16a7 - 2?
-d16a9
In base 4, what is 0 - 22221331?
-22221331
In base 12, what is 52b95 - -a?
52ba3
In base 11, what is 447 - -69?
505
In base 7, what is 646334 - 4?
646330
In base 11, what is -262 + -76a?
-a21
In base 8, what is -116 - 17705?
-20023
In base 15, what is -3ba40 - -2?
-3ba3d
In base 14, what is a6d + -5?
a68
In base 11, what is -52 - 4725?
-4777
In base 16, what is 1719 - 18?
1701
In base 16, what is -50cbf + -8?
-50cc7
In base 2, what is 10010 - -1001010010?
1001100100
In base 6, what is 1033245 - 0?
1033245
In base 7, what is -31 + -10110?
-10141
In base 3, what is -102010 + -12020?
-121100
In base 11, what is 1 + -7963?
-7962
In base 2, what is 100100110010101 + -101?
100100110010000
In base 13, what is 1 - -c537?
c538
In base 11, what is -2 - 1a21?
-1a23
In base 12, what is -1b34 + -1?
-1b35
In base 16, what is -1 - -889a?
8899
In base 8, what is 5 + 121061?
121066
In base 2, what is 1000101001011 - 101?
1000101000110
In base 14, what is -a051 - -3?
-a04c
In base 15, what is 1a67 + -2?
1a65
In base 14, what is -4 - 5d5b7?
-5d5bb
In base 2, what is -1100010011111001010 - -11?
-1100010011111000111
In base 2, what is 100100001101100011 - -10?
100100001101100101
In base 16, what is -f468 - -5?
-f463
In base 9, what is 1 + 46404?
46405
In base 7, what is 2240126 - 3?
2240123
In base 2, what is 101011010 - 11101?
100111101
In base 14, what is 8 - 2985?
-297b
In base 6, what is 333 + 2045?
2422
In base 5, what is 2 - -234201?
234203
In base 11, what is -245191 + -2?
-245193
In base 10, what is 84393 - -9?
84402
In base 6, what is -51154 - -10?
-51144
In base 13, what is aa + -1a93?
-19b6
In base 11, what is -aa - -86?
-24
In base 14, what is 5 - -5076?
507b
In base 3, what is 1002221 + 110022?
1120020
In base 6, what is -11054 - 2000?
-13054
In base 9, what is -1 - 6657?
-6658
In base 3, what is -12 - -11001201111?
11001201022
In base 6, what is -34 - -11042?
11004
In base 10, what is 4 - 93619?
-93615
In base 11, what is 3 + 529216?
529219
In base 3, what is 10 + -20110001120?
-20110001110
In base 5, what is 4 - -1041231?
1041240
In base 3, what is -2020000120 - -10221?
-2012212122
In base 3, what is -11212211 - 122002?
-12111220
In base 13, what is -1449 + -3?
-144c
In base 7, what is -10212563 - -1?
-10212562
In base 15, what is -7 - -1d33?
1d2b
In base 4, what is 130 + 10100331?
10101121
In base 8, what is -2541 + -172?
-2733
In base 10, what is 362180 + -3?
362177
In base 5, what is 12040122 + 10?
12040132
In base 5, what is -3313 + -10313?
-14131
In base 4, what is 2003120 + -11?
2003103
In base 4, what is -111103123 + 3?
-111103120
In base 8, what is 5 + 11462?
11467
In base 6, what is -4 - -14432?
14424
In base 11, what is -63 - 9a?
-152
In base 7, what is -3314 - 2220?
-5534
In base 16, what is -17a8 + 0?
-17a8
In base 6, what is 10 + 1242411?
1242421
In base 14, what is -4 + 1956?
1952
In base 15, what is -4 + -3e55?
-3e59
In base 9, what is 28412 + -24?
28377
In base 7, what is -555043 - 0?
-555043
In base 14, what is 1b3 - -39b?
570
In base 9, what is 32030 + 3?
32033
In base 4, what is -10 - -1000031?
1000021
In base 4, what is -13231 + -11102?
-30333
In base 6, what is -1522443 - -22?
-1522421
In base 3, what is 1010201000 + 100?
1010201100
In base 9, what is -84241 - 2?
-84243
In base 6, what is 144441 + -3?
144434
In base 12, what is 32256 + 3?
32259
In base 8, what is -11 - 126346?
-126357
In base 12, what is -14 - -161ba?
161a6
In base 11, what is 2 + 25337?
25339
In base 16, what is 10 - 195a?
-194a
In base 6, what is -2054003 + 2?
-2054001
In base 13, what is 11c - 299?
-17a
In base 11, what is 4 - -902a?
9033
In base 4, what is 0 - 1102201103?
-1102201103
In base 13, what is 5c32 + -3?
5c2c
In base 4, what is 111320023 + -11?
111320012
In base 14, what is 2 + 72912?
72914
In base 4, what is -200 - 322?
-1122
In base 15, what is 9d4 - 25?
9ae
In base 4, what is -202 + 123313221?
123313013
In base 14, what is -1 - 2518?
-2519
In base 4, what is -101 + 313022?
312321
In base 10, what is 2515 + 14?
2529
In base 10, what is 2 + 25682?
25684
In base 12, what is 578 - 5a?
51a
In base 5, what is -30 - -1043?
1013
In base 5, what is 1 - -2123133?
2123134
In base 3, what is 220120 + 12112?
1010002
In base 16, what is e3 + 19?
fc
In base 15, what is -63 + -4ee?
-562
In base 5, what is -10 - 3344001?
-3344011
In base 8, what is -3306 + -576?
-4104
In base 7, what is -2656021 - 5?
-2656026
In base 11, what is -4 - 8846?
-884a
In base 4, what is 3103002 + 13?
3103021
In base 10, what is 56 - -1294?
1350
In base 5, what is -11 + -13130321?
-13130332
In base 16, what is -2 + 58e0?
58de
In base 8, what is -20423 + 0?
-20423
In base 13, what is -790c + 15?
-78c7
In base 15, what is -179 + 113?
-66
In base 6, what is 2124025 + -5?
2124020
In base 16, what is -6e - -73d?
6cf
In base 13, what is -65 - c02?
-c67
In base 11, what is 34870 - -6?
34876
In base 9, what is -148502 - 3?
-148505
In base 8, what is 5134 + -24?
5110
In base 6, what is 5 + 400004?
400013
In base 10, what is -1583 - 25?
-1608
In base 10, what is -7976502 + 2?
-7976500
In base 14, what is 5 - 360d?
-3608
In base 15, what is -b + -e5c5?
-e5d1
In base 3, what is -1121002010 + 201?
-1121001102
In base 15, what is -97953 + 1?
-97952
In base 14, what is -6 + a6038?
a6032
In base 16, what is 4 - -226eb?
226ef
In base 4, what is 20012000 + -1?
20011333
In base 9, what is -11138 - -7?
-11131
In base 7, what is 405645 + -5?
405640
In base 16, what is -28f6b2 - -2?
-28f6b0
In base 10, what is 972201 - 5?
972196
In base 4, what is 133 - 332123?
-331330
In base 11, what is 54a070 - -2?
54a072
In base 13, what is 5 - 8b886?
-8b881
In base 3, what is 20 + 22200111?
22200201
In base 13, what is -2529 + 1?
-2528
In base 15, what is 1 - -504?
505
In base 15, what is -17 + -1c81?
-1c98
In base 16, what is 28 + -172?
-14a
In base 6, what is -30 - -1121414?
1121344
In base 7, what is 12202 - 24?
12145
In base 5, what is -14310344 - -10?
-14310334
In base 9, what is 154 + -54545?
-54381
In base 16, what is 1 + -464?
-463
In base 3, what is 120212211 - -12?
120220000
In base 11, what is -32395 - 18?
-32402
In base 9, what is -4743 + -62?
-4815
In base 3, what is 11 - -1010202110202?
1010202110220
In base 8, what is -463514 + 0?
-463514
In base 2, what is -110011001110011000 + 10?
-110011001110010110
In base 4, what is 2 - 110312203?
-110312201
In base 8, what is 114653 + 23?
114676
In base 11, what is -119a1 + 12?
-1198a
In base 5, what is -10334443 - -141?
-10334302
In base 5, what is -10204113 + 2?
-10204111
In base 10, what is 4182 - 355?
3827
In base 14, what is 46 - -2b6?
31c
In base 2, what is 1001001111010 + -10111?
1001001100011
In base 8, what is 4354 + 17?
4373
In base 8, what is 570361 + -7?
570352
In base 6, what is -12211 - -3442?
-4325
In base 3, what is 21101212